
(3 - (5 - 3)) + 3
4
0 - 1 - (10 + -2 - 12)
3
What is 3 + 10 + -10 + 4?
7
What is the value of (24 - 31) + -2 + 4 - -3?
-2
Evaluate -8 + (5 - 3 - 1).
-7
What is the value of 5 - (0 + (-6 - -6))?
5
Calculate 10 + -3 + 35 + -38.
4
What is 3 - 0 - (4 + (8 - 14))?
5
What is the value of -3 - ((4 - 0) + -2)?
-5
Evaluate -2 - -5 - (6 - 3 - 3).
3
What is the value of 1 - -3 - (-3 - -10)?
-3
Evaluate -2 - (2 + -5 + 3).
-2
Evaluate -7 - 2 - -1 - (116 - 122).
-2
Calculate -4 + 8 + -5 + 3.
2
15 + -4 + -6 + -3 + 7
9
What is the value of 6 + (-4 - -3) - (0 + 0)?
5
Evaluate -3 + -1 + (-11 - -14) - 2.
-3
-1 + 1 + (-9 - -5) + 7
3
What is the value of (1 - 22) + 12 + 17?
8
What is -5 + 2 + -8 + 8 - 1?
-4
Evaluate 4 + -2 + (-1 - -1) - 1.
1
What is -4 + (0 + 0 - (6 + -10))?
0
Evaluate (11 - 8) + -9 + 0.
-6
What is the value of -2 + 17 - (11 - 4)?
8
What is the value of (3 - 8 - -11) + -3?
3
What is -2 - 2 - (-6 - 0 - -1)?
1
What is the value of -2 - 2 - (-1 - (6 + -3))?
0
Evaluate 0 + (-3 + 0 - 1).
-4
What is -7 + 11 + -10 + 1?
-5
Calculate (-127 - -123) + (1 - 3).
-6
10 + -18 + 7 + -2
-3
-2 - ((6 - (4 - 3)) + -4)
-3
What is the value of 0 + (3 - (1 + 6) - 0)?
-4
What is the value of -16 + (3 - -2) + 6?
-5
What is -8 + (1 + -7 - -9) + 14?
9
Calculate -9 + (-4 + 0 - (4 + -11)).
-6
What is (3 - (-3 - -5)) + -3?
-2
What is 2 + (10 - 7) - 3?
2
What is the value of -14 - (10 + -19 + (1 - 0))?
-6
Evaluate -2 + (9 - 2) - 7 - 1.
-3
What is the value of (2 - 2) + (-1 - (5 - 0))?
-6
Evaluate 4 + (12 + -7 - (7 + 2)).
0
2 - (1 + -2) - -1
4
What is the value of (-10 - (-1 - 3)) + 9?
3
Evaluate -1 - (6 - 4) - -6.
3
What is the value of -2 + (-1 - -1) - (2 - 2)?
-2
Evaluate (7 - 13) + -3 - (-1 + -5).
-3
What is (-3 + -1 - -3) + 0?
-1
Calculate (3 + -4 - 1) + 9 + -3.
4
Calculate -3 + (0 - 10 - (-7 + 3)).
-9
Evaluate 0 - -6 - (-3 + 8 - 4).
5
Calculate -36 + 30 - (-1 - 4) - -2.
1
10 + -9 - (0 + -1 + -2)
4
-3 + 0 - (34 + -39)
2
Evaluate -6 + 5 + 5 + -7 - 5.
-8
Calculate 1 + 3 + (0 - 4).
0
Calculate -2 + (2 + (-3 - 2) - -6).
1
What is the value of -4 + (3 + -2 - (-9 - -3))?
3
Evaluate 8 + 2 + -5 - (-2 + 3).
4
Evaluate 1 - (5 + -3 + -1).
0
Evaluate 13 + (11 + -12 - 7).
5
-3 + 6 - (-4 - (-13 - -3))
-3
What is 8 + (7 - 8) - (4 - -4)?
-1
What is the value of 5 + -8 + (1 - 1 - -2)?
-1
What is the value of 6 + -6 + 1 - -3?
4
Evaluate 29 + -24 + 5 - (2 + -1).
9
What is the value of -10 + 4 + (4 - (5 - 4))?
-3
What is the value of (1 - -2) + -1 + 0 + 2?
4
Evaluate 13 - ((11 - 0) + -8).
10
-2 - (-7 + 1 + 1 - -3)
0
4 + -2 + 4 - 2
4
What is 13 + -12 - (4 - -2) - -2?
-3
What is (3 - 2) + (-1 - -3) + -3?
0
-1 - (-2 + (4 - 2))
-1
Calculate (-8 + 2 - -3) + -1.
-4
-1 + (3 - 5 - -4)
1
(14 - 8) + (-5 - (5 + -4))
0
4 + (-2 - (-12 - (1 + -7)))
8
What is 10 + (-3 - -1) - (7 - 4)?
5
Evaluate (-1 - -4) + 1 + -9.
-5
-11 - -12 - (0 + 0)
1
What is -3 - (-32 - -28 - (0 - 8))?
-7
What is 0 + -13 + 8 + 7?
2
Calculate 4 - 4 - (6 - 2).
-4
What is -3 - ((5 - (-5 + 8)) + -4)?
-1
What is 3 + (3 - (-1 + -5) - 6)?
6
Evaluate -8 + 6 + (10 - -4 - 4).
8
Evaluate 6 + -8 + 0 + 2.
0
6 + (0 - 5) - 6
-5
What is ((3 - 3) + -3 - -3) + -5?
-5
What is the value of -7 - 8 - (-13 - -7)?
-9
What is (-2 - (0 - 4)) + (108 - 109)?
1
What is the value of (-2 - (9 - 5)) + 7?
1
Calculate -16 - (-11 + (4 - 3)).
-6
(-4 - -5 - -3 - 4) + 3
3
Evaluate -5 + 1 + (-1 + 5 - 0).
0
What is the value of -1 + 0 - (2 + 2)?
-5
Calculate 14 + -15 - (-5 - -1).
3
What is the value of (5 - -1) + (-1 - -3) + -6?
2
Calculate -6 + 7 + (-4 - 0).
-3
2 + -5 + 5 - 6
-4
Evaluate 3 - (4 - 4 - -4).
-1
What is (1 - 0) + (-1 - (1 - -3))?
-4
Calculate 0 + -4 + -8 + 8.
-4
Evaluate (4 - -8) + -5 + (1 - 5).
3
What is the value of -1 - (1 + -7 - (5 - 9))?
1
-4 + (-9 - -6) + 2
-5
-6 - (7 - (-9 + 19))
-3
Evaluate 64 + -57 + (0 - -2).
9
What is 5 + -5 + -5 - 0?
-5
What is the value of -7 + (-4 + 9 - 1) + 0?
-3
(-1 - 11 - (-2 - 2)) + 9
1
What is the value of 1 + -2 + (-5 - -10)?
4
Calculate (2 - (0 - -7)) + 1 + -1.
-5
(-11 - -14) + -12 + -3 - -7
-5
Evaluate (3 - (4 - 1 - -2)) + 0.
-2
Calculate 2 - (1 + 8 + -7 + 4).
-4
What is -2 - -2 - -1 - 3 - -6?
4
Evaluate (6 + -6 - -2) + 9 - 6.
5
What is 0 - -5 - (-2 - 1 - -5)?
3
Calculate (-10 - (5 + -7)) + (-7 - -9).
-6
Calculate (-1 - (2 + -3)) + 10 + -7.
3
-3 + -1 + 2 + 2 + 2
2
What is the value of (1 - 6) + 4 + 6?
5
What is 0 + (2 - 6) + (-6 - -9)?
-1
What is the value of 4 + (2 - 6 - 2)?
-2
Evaluate 6 + -4 + (2 - 8).
-4
What is the value of 4 + -2 - (-1 - 2 - 0)?
5
2 + (3 - 6) - -1 - -5
5
What is the value of -9 + 0 + -6 + 11 + 1?
-3
What is the value of 1 + -4 + 2 + 4?
3
Evaluate -1 - (1 + 1) - (35 - 41).
3
-3 - (0 + 2 - (-16 - -15))
-6
What is the value of 0 + (-9 + 8 - (4 + -1))?
-4
What is 1 - (-4 - (5 - 11))?
-1
What is the value of 2 + 6 - (5 + -4)?
7
What is the value of -15 + 4 - (4 - 22)?
7
Calculate 11 - 2 - 6 - 11.
-8
What is the value of -7 + (-5 - (-9 - 1))?
-2
What is -1 + (4 + -8 - -3)?
-2
3 + 1 + -2 + 0 + -2
0
Calculate (-3 - -8 - 0) + -2.
3
What is -44 + 40 + (1 - -2)?
-1
What is the value of -5 + (4 - -4) + -4 + 5?
4
Evaluate -2 - (7 + (-6 - 3)).
0
Calculate 6 - 0 - (-23 + 25).
4
Calculate -3 + (-2 - 0) - (3 - 10).
2
What is the value of 10 - 3 - 2 - 8?
-3
Evaluate (-3 - (4 - -1)) + -12 + 17.
-3
2 + (0 - 4) - (-3 + 2)
-1
What is the value of -1 + (0 - 1) - (17 + -16)?
-3
Evaluate -4 - -1 - (-7 + -13 + 22).
-5
Evaluate (-5 - -4 - 0) + -4.
-5
What is -2 + -1 - (2 + -7 + 4)?
-2
What is -2 - (-2 + 4 + -5)?
1
What is the value of -205 + 204 - (-2 - 1 - 0)?
2
Evaluate (-10 - 1) + 2 + 13.
4
Evaluate -5 + -2 + -15 + 27.
5
Evaluate (-3 - (1 + -1)) + 3 + -4.
-4
Calculate 6 + -9 + 1 + -6.
-8
What is the value of 52 + -47 + (-3 - (0 - -5))?
-3
What is the value of -8 + 6 - (2 - 3) - 1?
-2
What is the value of 1 + (-2 - -2) + 2 + -1?
2
Calculate (-2 - 3) + (22 - 16).
1
Calculate 2 + (-2 - (-5 + 3 - 0)).
2
7 + (-2 - 8) + 4
1
-1 - (10 + (5 - 18))
2
What is the value of -12 - (-6 - 9 - -14)?
-11
What is the value of -80 + 80 - (-2 + 2)?
0
5 + 6 + (-9 - -2)
4
What is 3 + (-16 + 16 - (1 - -8))?
-6
(-9 - (-2 + -1)) + -1 + 11
4
(138 - 141) + 8 + 4 + -2
7
Evaluate -2 - ((2 - 2) + -4).
2
What is (1 - 2) + 4 + 0 - -2?
5
Calculate 9 + (8 + -5 - 7).
5
1 - (2 - 0) - 3
-4
Calculate 10 - (-7 + 10) - 9.
-2
Calculate 4 + -8 - (-3 + 1) - 1.
-3
Calculate 0 - (1 + 3 + -1 - 1).
-2
2 - 8 - (0 - (2 + 0))
-4
-9 + 10 - (2 + (-4 - -4))
-1
What is the value of (7 - (5 - 0)) + 2?
4
What is 9 + 0 - (31 - 27)?
5
Calculate 1 - (9 - 4) - -2.
-2
Evaluate -9 + 1 + 9 - 2.
-1
Evaluate (12 - 8) + (-7 - -1) - -3.
1
What is (-10 - -2) + 13 + -6?
-1
Calculate 3 + (-4 - -1) + 1 - -2.
3
Calculate (-43 + 14 - -14) + 5.
-10
Evaluate 1 - (10 - ((16 - 7) + -1)).
-1
Calculate (-2 - (4 + -10)) + 1.
5
What is 7 + -1 - (-5 + 15)?
-4
Calculate -4 + (0 - -7) + -22 + 24.
5
What is 2 - (4 - 0 - 0) - -2?
0
Calculate -2 + -1 + -2 - (28 - 35).
2
What is -8 - (-7 + (-2 - (-3 - -10)))?
8
Calculate -2 + -1 + 0 + 1 - -2.
0
(-3 - 1) + -26 + 35
5
What is (9 - -1) + -5 + 0?
5
What is -1 + -5 + 1 + 5?
0
Evaluate (3 - 13) + 4 + -1 + 3.
-4
Evaluate -8 + 1 - (-14 + 3).
4
Calculate 56 + -56 - (-6 + -1).
7
What is the value of -5 - -2 - (2 - -1) - -4?
-2
7 + -8 - 3 - -1
-3
Evaluate 3 - (1 - 2) - 4.
0
Calculate -5 - (-3 - (2 + 4)).
4
What is (-3 - 1) + -2 + 13 + -10?
-3
What is the value of (-38 + 37 - (0 + 1)) + -3?
-5
4 - ((8 - 3 - 1) + -1)
1
Calculate -2 - ((0 + 2 - 6) + 0).
2
What is the value of (-2 - (2 - 7)) + -1 - 3?
-1
What is the value of (0 + -10 + 4 - -4) + -4?
-6
(11 - 3) + (0 - 3)
5
Calculate -2 + 6 + (-9 - (-2 - 3)).
0
What is the value of -5 - (-14 - -4) - 6?
-1
(-2 + -3 - -8) + -8
-5
What is -2 + (2 - (0 + 1 + -7))?
6
0 - (-4 + -2 + -3 + 8)
1
What is the value of -3 - (-8 + 3 + 1)?
1
2 + -16 + -2 + 6 - -5
-5
Evaluate 3 + -2 + 2 + 2.
5
Calculate 6 - (2 + 1 + 4 + -2).
1
Calculate 4 + (-9 - -3) + -8 + -1.
-11
Evaluate (-4 - -1) + -7 - (-2 - 3).
-5
What is the value of -12 - -5 - 2 - -7?
-2
What is (0 - 0) + 4 + (-27 - -20)?
-3
Calculate -8 + -1 + -13 + 15.
-7
-5 + (1 - -3) + 3 + 0
2
What is 1 + 10 - (3 - -2)?
6
Evaluate 81 - 89 - (-1 + -6).
-1
What is (8 - (-1 - -9)) + (6 - 4)?
2
What is the value of (-7 - -3) + (3 - (-1 + -5))?
5
Calculate -6 + 7 + (1 + -1 - 0).
1
Calculate -4 +